{"id":2,"date":"2012-06-25T11:20:59","date_gmt":"2012-06-25T11:20:59","guid":{"rendered":"http:\/\/www.balanceship.de\/wp\/?page_id=2"},"modified":"2017-03-10T13:05:44","modified_gmt":"2017-03-10T13:05:44","slug":"beispiel-seite","status":"publish","type":"page","link":"https:\/\/www.balanceship.de\/?page_id=2","title":{"rendered":"Impressum"},"content":{"rendered":"<h2>IMPRESSUM<\/h2>\n<table style=\"width: 100%;\">\n<tbody>\n<tr>\n<td><strong>BETREIBER:<br \/>\n<\/strong>Heiko Severit<br \/>\nAm Mittellandkanal 9<br \/>\n49565 Bramsche<br \/>\nGERMANY&nbsp;<\/p>\n<p>Tel. +49 (0) 1 72 &#8211; 5 91 53 08<br \/>\nE-Mail: info@balanceship.de<br \/>\nWeb: <a href=\"http:\/\/www.balanceship.de\">www.balanceship.de<\/a><\/td>\n<td valign=\"top\"><strong>LAYOUT &amp; UMSETZUNG:<\/strong><br \/>\nDW Webdesign<br \/>\nAm Grotegersberg 10a<br \/>\n26219 B\u00f6sel<br \/>\n<a href=\"http:\/\/www.dw-webdesign.com\" target=\"_blank\">www.dw-webdesign.com<\/a><\/td>\n<\/tr>\n<tr>\n<td style=\"border-bottom: 1px solid #333333;\" colspan=\"2\"><img decoding=\"async\" loading=\"lazy\" src=\"http:\/\/www.balanceship.de\/wp-content\/uploads\/2012\/06\/trans1.gif\" alt=\"\" width=\"864\" height=\"20\" \/><\/td>\n<\/tr>\n<\/tbody>\n<\/table>\n<p>&nbsp;<\/p>\n<p><strong>Haftung f\u00fcr Inhalte<\/strong><br \/>\nDie Inhalte unserer Seiten wurden mit gr\u00f6\u00dfter Sorgfalt erstellt. F\u00fcr die Richtigkeit, Vollst\u00e4ndigkeit und Aktualit\u00e4t der Inhalte k\u00f6nnen wir jedoch keine Gew\u00e4hr \u00fcbernehmen.<\/p>\n<p>&nbsp;<\/p>\n<p><strong>Haftung f\u00fcr Links<\/strong><br \/>\nUnser Angebot enth\u00e4lt ggf. Links zu externen Webseiten Dritter, auf deren Inhalte wir keinen Einfluss haben. Deshalb k\u00f6nnen wir f\u00fcr diese fremden Inhalte auch keine Gew\u00e4hr \u00fcbernehmen. F\u00fcr die Inhalte der verlinkten Seiten ist stets der jeweilige Anbieter oder Betreiber der Seiten verantwortlich. Die verlinkten Seiten wurden zum Zeitpunkt der Verlinkung auf m\u00f6gliche Rechtsverst\u00f6\u00dfe \u00fcberpr\u00fcft. Rechtswidrige Inhalte waren zum Zeitpunkt der Verlinkung nicht erkennbar. Eine permanente inhaltliche Kontrolle der verlinkten Seiten ist jedoch ohne konkrete Anhaltspunkte einer Rechtsverletzung nicht zumutbar. Bei bekannt werden von Rechtsverletzungen werden wir derartige Links umgehend entfernen.<\/p>\n<p>&nbsp;<\/p>\n<p><strong>Urheberrecht<\/strong><br \/>\nDie durch die Seitenbetreiber erstellten Inhalte und Werke auf diesen Seiten unterliegen dem deutschen Urheberrecht. Beitr\u00e4ge Dritter sind als solche gekennzeichnet. Die Vervielf\u00e4ltigung, Bearbeitung, Verbreitung und jede Art der Verwertung au\u00dferhalb der Grenzen des Urheberrechtes bed\u00fcrfen der schriftlichen Zustimmung des jeweiligen Autors bzw. Erstellers. Downloads und Kopien dieser Seite sind nur f\u00fcr den privaten, nicht kommerziellen Gebrauch gestattet.<\/p>\n<p>&nbsp;<\/p>\n<p><strong>Datenschutz<\/strong><br \/>\nSoweit auf unseren Seiten personenbezogene Daten (beispielsweise Name, Anschrift oder eMail-Adressen) erhoben werden, erfolgt dies stets auf freiwilliger Basis, jedoch werden mit jedem Besuch der angebotenen Seiten personenunabh\u00e4ngige Serverdaten protokolliert, die lediglich zu statistischen Zwecken und zur Verfolgung von Urheberrechtsverletzungen ausgewertet werden. Die Nutzung der Angebote und Dienste ist, soweit m\u00f6glich, stets ohne Angabe personenbezogener Daten m\u00f6glich. Der Nutzung von im Rahmen der Impressumpflicht ver\u00f6ffentlichten Kontaktdaten durch Dritte zur \u00dcbersendung von nicht ausdr\u00fccklich angeforderter Werbung und Informationsmaterialien wird hiermit ausdr\u00fccklich widersprochen. Die Betreiber der Seiten behalten sich ausdr\u00fccklich rechtliche Schritte im Falle der unverlangten Zusendung von Werbeinformationen, etwa durch Spam-Mails, vor.<\/p>\n<p>&nbsp;<\/p>\n<p>Stand der Informationen: Juli 2012<br \/>\n\u00a9 H. Severit<\/p>\n","protected":false},"excerpt":{"rendered":"<p>IMPRESSUM BETREIBER: Heiko Severit Am Mittellandkanal 9 49565 Bramsche GERMANY&nbsp; Tel. +49 (0) 1 72 &#8211; 5 91 53 08 E-Mail: info@balanceship.de Web: www.balanceship.de LAYOUT &amp; UMSETZUNG: DW Webdesign Am Grotegersberg 10a 26219 B\u00f6sel www.dw-webdesign.com &nbsp; Haftung f\u00fcr Inhalte Die &hellip; <a href=\"https:\/\/www.balanceship.de\/?page_id=2\">Weiterlesen <span class=\"meta-nav\">&rarr;<\/span><\/a><\/p>\n","protected":false},"author":1,"featured_media":0,"parent":0,"menu_order":0,"comment_status":"open","ping_status":"open","template":"","meta":{"footnotes":""},"_links":{"self":[{"href":"https:\/\/www.balanceship.de\/index.php?rest_route=\/wp\/v2\/pages\/2"}],"collection":[{"href":"https:\/\/www.balanceship.de\/index.php?rest_route=\/wp\/v2\/pages"}],"about":[{"href":"https:\/\/www.balanceship.de\/index.php?rest_route=\/wp\/v2\/types\/page"}],"author":[{"embeddable":true,"href":"https:\/\/www.balanceship.de\/index.php?rest_route=\/wp\/v2\/users\/1"}],"replies":[{"embeddable":true,"href":"https:\/\/www.balanceship.de\/index.php?rest_route=%2Fwp%2Fv2%2Fcomments&post=2"}],"version-history":[{"count":24,"href":"https:\/\/www.balanceship.de\/index.php?rest_route=\/wp\/v2\/pages\/2\/revisions"}],"predecessor-version":[{"id":603,"href":"https:\/\/www.balanceship.de\/index.php?rest_route=\/wp\/v2\/pages\/2\/revisions\/603"}],"wp:attachment":[{"href":"https:\/\/www.balanceship.de\/index.php?rest_route=%2Fwp%2Fv2%2Fmedia&parent=2"}],"curies":[{"name":"wp","href":"https:\/\/api.w.org\/{rel}","templated":true}]}}