{"id":163,"date":"2012-06-27T13:14:31","date_gmt":"2012-06-27T13:14:31","guid":{"rendered":"http:\/\/www.balanceship.de\/wp\/?page_id=163"},"modified":"2012-07-19T12:44:45","modified_gmt":"2012-07-19T12:44:45","slug":"hengste","status":"publish","type":"page","link":"https:\/\/www.balanceship.de\/?page_id=163","title":{"rendered":"Hengste"},"content":{"rendered":"<h2>DECKHENGSTE<\/h2>\n<p>Folgende Reitponyhengste stehen im Natursprung zur Verf\u00fcgung.<\/p>\n<p>&nbsp;<\/p>\n<p>&nbsp;<\/p>\n<div id=\"details\">\n<div id=\"details-left\">\n<h3>MAN IN BLACK<\/h3>\n<p>DR Weser-Ems\u00a0\u2022 *2002\u00a0\u2022\u00a0Rappe\u00a0\u2022 Stckm. 1,48 m<\/p>\n<p>Z. u. B.: H.-G. Heidrich, Geeste<\/p>\n<p>&nbsp;<\/p>\n<p>2004 gek\u00f6rt in Weser-Ems<\/p>\n<p>2006 30-Tage-Test Prussendorf (8,72)<\/p>\n<p>2012 Pr\u00e4mienhengst in Hannover<\/p>\n<p>&nbsp;<\/p>\n<p><strong>Decktaxe: 250,00 EUR<\/strong><\/p>\n<\/div>\n<div id=\"details-right\">\n<table style=\"width: 100%; border-collapse: collapse;\">\n<tbody>\n<tr>\n<td style=\"text-align: right; padding-right: 15px;\" valign=\"top\"><a title=\"Man in Black\" href=\"http:\/\/www.balanceship.de\/wp-content\/uploads\/2012\/06\/mib.jpg\"  class=\"wmp\" id=\"wmp1\"><img decoding=\"async\" loading=\"lazy\" class=\"alignnone size-full wp-image-310\" title=\"Man in Black\" src=\"http:\/\/www.balanceship.de\/wp-content\/uploads\/2012\/06\/mib-s.jpg\" alt=\"\" width=\"190\" height=\"150\" \/><\/a><\/td>\n<td style=\"text-align: right;\"><a title=\"Man in Black\" href=\"http:\/\/www.balanceship.de\/wp-content\/uploads\/2012\/06\/mib1.jpg\"  class=\"wmp\" id=\"wmp2\"><img decoding=\"async\" loading=\"lazy\" class=\"alignnone size-thumbnail wp-image-308\" title=\"Man in Black\" src=\"http:\/\/www.balanceship.de\/wp-content\/uploads\/2012\/06\/mib1-190x150.jpg\" alt=\"\" width=\"190\" height=\"150\" \/><\/a><\/td>\n<\/tr>\n<\/tbody>\n<\/table>\n<\/div>\n<div id=\"details-bottom\">\n<table class=\"ped\">\n<tbody>\n<tr>\n<td class=\"ped\" rowspan=\"4\"><strong>MOZART<\/strong><br \/>\nDR &#8211; dunkelbraun &#8211; 1,48 m<\/td>\n<td class=\"ped\" rowspan=\"2\">MARQUIS AA<br \/>\ndunkelbraun &#8211; 1,52 m<\/td>\n<td class=\"ped\">MATCHO AA<\/td>\n<\/tr>\n<tr>\n<td class=\"ped\">F\u00dcRSTIN xx<\/td>\n<\/tr>\n<tr>\n<td class=\"ped\" rowspan=\"2\">DORINA<br \/>\nDR &#8211; braun<\/td>\n<td class=\"ped\">FARUK I (ShA)<\/td>\n<\/tr>\n<tr>\n<td class=\"ped\">El.St. DIANA (DR)<\/td>\n<\/tr>\n<tr>\n<td class=\"ped\" rowspan=\"4\">Verb.Pr.St. (LP)<br \/>\nREA&#8217;S GIRL<br \/>\nDR &#8211; Fuchs &#8211; 1,46 m<\/td>\n<td class=\"ped\" rowspan=\"2\"><strong>El.H. BRILLANT<\/strong><br \/>\nBR &#8211; braun &#8211; 1,50 m<\/td>\n<td class=\"ped\">PIRAN JOHN HALIFAX (BR)<\/td>\n<\/tr>\n<tr>\n<td class=\"ped\">ST. LAWRENCE LILACTIME (BR)<\/td>\n<\/tr>\n<tr>\n<td class=\"ped\" rowspan=\"2\">El.\/St.Pr.St. REA<br \/>\nDR &#8211; Fuchs &#8211; 1,45 m<\/td>\n<td class=\"ped\"><strong>ALEXANDER<\/strong> (BR)<\/td>\n<\/tr>\n<tr>\n<td class=\"ped\">REGINA (BR)<\/td>\n<\/tr>\n<\/tbody>\n<\/table>\n<p>Man in Black wurde 2004 in Weser-Ems gek\u00f6rt. 2006 legte er seine HLP in\u00a0Prussendorf mit der Gesamtwertnote von 8,72 ab und rangierte dort an vierter\u00a0Stelle. Er erhielt eine 10,00 f\u00fcr die Umg\u00e4nglichkeit, f\u00fcr Rittigkeit und\u00a0Gel\u00e4ndeeignung 9,50 und f\u00fcr die Springanlage 8,50. Seitdem wird er\u00a0erfolgreich in Springpr\u00fcfungen bis zur Klasse L vorgestellt und\u00a0qualifizierte sich 2008 in M\u00fcnster-Handorf mit 8,90 f\u00fcr das\u00a0Bundeschampionat.<\/p>\n<p>&nbsp;<\/p>\n<p>Der auf Leistung gezogene Mozart wurde bei seiner K\u00f6rung in Verden 1992\u00a0Siegerhengst und beendete den 30-Tage-Test in Neustadt\/Dosse 1995 auf Rang\u00a02. Seine LGS z\u00e4hlt mit zahlreichen Siegen und Platzierungen in\u00a0Springpr\u00fcfungen bis zur Klasse M 4.240,00 EUR. M\u00fctterlicherseits verbindet\u00a0sich Stempelhengst Brillant mit dem Sportponymacher Alexander. Rea\u2019s Girl\u00a0erhielt die Nachzuchtpr\u00e4mie und 1999 den 1a-Preis auf der Jubil\u00e4umsschau.\u00a0Sie ist Vollschwester der gek\u00f6rten Hengste Broadway und Bernado sowie\u00a0Halbschwester zu den gek\u00f6rten Hengsten Monte Verdis Son und Montevideo,\u00a0beide von Monte Verdi.<\/p>\n<p>&nbsp;<\/p>\n<\/div>\n<\/div>\n<div id=\"details\">\n<div id=\"details-left\">\n<h3>NUTS<\/h3>\n<p>DR Weser-Ems\u00a0\u2022 *1993\u00a0\u2022 Schimmel \u2022 Stckm. 1,38 m<\/p>\n<p>Z.: Gut Holtmann, Billerbeck<\/p>\n<p>B.: H. Severit, Bramsche<\/p>\n<p>stationiert bei Hengststation Gerhold Meyer, Westoverledingen<\/p>\n<p><img decoding=\"async\" loading=\"lazy\" title=\"trans1\" src=\"http:\/\/www.balanceship.de\/wp-content\/uploads\/2012\/06\/trans1.gif\" alt=\"\" width=\"20\" height=\"20\" \/><\/p>\n<p>1996 gek\u00f6rt in Weser-Ems<\/p>\n<p>1997 30-Tage-Test Prussendorf (8,31)<\/p>\n<p>2012 Pr\u00e4mienhengst in Hannover<\/p>\n<p><img decoding=\"async\" loading=\"lazy\" title=\"trans1\" src=\"http:\/\/www.balanceship.de\/wp-content\/uploads\/2012\/06\/trans1.gif\" alt=\"\" width=\"20\" height=\"20\" \/><\/p>\n<p><strong>Decktaxe: 300,00 EUR<\/strong><\/p>\n<p><img decoding=\"async\" loading=\"lazy\" title=\"trans1\" src=\"http:\/\/www.balanceship.de\/wwp-content\/uploads\/2012\/06\/trans1.gif\" alt=\"\" width=\"20\" height=\"20\" \/><\/p>\n<\/div>\n<div id=\"details-right\">\n<table style=\"width: 100%; border-collapse: collapse;\">\n<tbody>\n<tr>\n<td style=\"text-align: right; padding-right: 15px;\" valign=\"top\"><a title=\"Nuts\" href=\"http:\/\/www.balanceship.de\/wp-content\/uploads\/2012\/06\/nuts.jpg\"  class=\"wmp\" id=\"wmp3\"><img decoding=\"async\" loading=\"lazy\" class=\"alignnone size-thumbnail wp-image-312\" title=\"Nuts\" src=\"http:\/\/www.balanceship.de\/wp-content\/uploads\/2012\/06\/nuts-190x150.jpg\" alt=\"\" width=\"190\" height=\"150\" \/><\/a><\/td>\n<td style=\"text-align: right;\"><a title=\"Nuts\" href=\"http:\/\/www.balanceship.de\/wp-content\/uploads\/2012\/06\/nuts1.jpg\"  class=\"wmp\" id=\"wmp4\"><img decoding=\"async\" loading=\"lazy\" class=\"alignnone size-thumbnail wp-image-311\" title=\"Nuts\" src=\"http:\/\/www.balanceship.de\/wp-content\/uploads\/2012\/06\/nuts1-190x150.jpg\" alt=\"\" width=\"190\" height=\"150\" \/><\/a><\/td>\n<\/tr>\n<\/tbody>\n<\/table>\n<\/div>\n<div id=\"details-bottom\">\n<table class=\"ped\">\n<tbody>\n<tr>\n<td class=\"ped\" rowspan=\"4\"><strong>NADIR<\/strong><br \/>\nPart-Bred-Arab. &#8211; Rappe<\/td>\n<td class=\"ped\" rowspan=\"2\">NAZIM AA<br \/>\ndunkelbraun &#8211; 1,54 m<\/td>\n<td class=\"ped\">SALIH ox<\/td>\n<\/tr>\n<tr>\n<td class=\"ped\">TYLAND LASS<\/td>\n<\/tr>\n<tr>\n<td class=\"ped\" rowspan=\"2\">BIENCHEN<\/td>\n<td class=\"ped\">WILDBAHNHENGST<\/td>\n<\/tr>\n<tr>\n<td class=\"ped\">WILDBAHNSTUTE<\/td>\n<\/tr>\n<tr>\n<td class=\"ped\" rowspan=\"4\">St.Pr.St. NIMATRA<br \/>\nWelsh<\/td>\n<td class=\"ped\" rowspan=\"2\"><strong>NAVAJO II<\/strong><br \/>\nPart-Bred-Arab. &#8211; Schimmel &#8211; 1,74 m<\/td>\n<td class=\"ped\">Nazim AA<\/td>\n<\/tr>\n<tr>\n<td class=\"ped\">LISVANE LLINOS (WB)<\/td>\n<\/tr>\n<tr>\n<td class=\"ped\" rowspan=\"2\">BERGFEE<br \/>\nWelsh<\/td>\n<td class=\"ped\"><strong>BRONKO (WB)<\/strong><\/td>\n<\/tr>\n<tr>\n<td class=\"ped\">NUSCHKA<\/td>\n<\/tr>\n<\/tbody>\n<\/table>\n<p>Nuts wurde 1996 in Weser-Ems gek\u00f6rt und gewann 1997 mit 8,31 seine HLP in Prussendorf. 10,00 erhielt er f\u00fcr seine Umg\u00e4nglichkeit und durchweg 9,00 f\u00fcr Lern- u. Leistungsbereitschaft, Leistungsf\u00e4higkeit, Rittigkeit, Parcoursspringen und Gel\u00e4ndeignung. 2007 wurde er auf der Althengstschau in Vechta als erster Reservesieger herausgestellt. Seine Nachzucht macht ihn so begehrt: Aus dem ersten Jahrgang wurde Mellimaras Nugget gek\u00f6rt, 2008 wurde die Tochter Zabanack auf der Bezirksstutenschau mit dem 1. Preis und auf der Elitestutenschau in Hude-W\u00fcsting mit 1f ausgezeichnet,\u00a0Tochter Victoria wurde bei der Elitestutenschau in Hude-W\u00fcsting 1a pr\u00e4miert und erhielt die Staatspr\u00e4mienanwartschaft, Verb.Pr.St. Norma Jean belegte bei der SLP in Vechta mit 8,0 den 3. Platz, Nils wurde \u00fcber die Vechtaer Eliteauktion nach Florida verkauft, Naches \u00fcber die Ponyform Open Sales vermarktet und der Vize-Bundeschampion Namos wurde 2008 mit der britischen Mannschaft F\u00fcnfter\u00a0bei der Pony-EM\u00a0.<\/p>\n<p>&nbsp;<\/p>\n<p>Der Vater Nadir ist eines der erfolgreichsten Dressurponys seiner Zeit: mit Frederike Holtmann holte er 1983 und 1984 Bronze bei den Deutschen Meisterschaften, 1983 Manschafts-Gold bei den Europameisterschaften und 1984 bei der Europameisterschaft in S\u00f6der Doppelgold. Seine Nachkommen sind im Turniersport ebenfalls hoch erfolgreich.<br \/>\nNuts\u2019 Mutter, St.Pr.St. Nimatra, v\u00e4terlicherseits auf den sowohl f\u00fcr Zucht als auch Sport bedeutenden Vererber Nazim AA zur\u00fcckgehend (u. a. Vater von Nadler II), rundet das Pedigree als Mutter von Sportponys ab.<\/p>\n<p>&nbsp;<\/p>\n<\/div>\n<\/div>\n<p>&nbsp;<\/p>\n<div id=\"details\">\n<div id=\"details-left\">\n<h3>NADIR VOM SPLITTING<\/h3>\n<p>DR Weser-Ems\u00a0\u2022 *2006\u00a0\u2022 Rappe\u00a0\u2022 Stckm. 1,48 m<\/p>\n<p>Z.: G. Jansen, Papenburg<\/p>\n<p>B.: G. Meyer, Westoverledingen<\/p>\n<p><img decoding=\"async\" loading=\"lazy\" title=\"trans1\" src=\"http:\/\/www.balanceship.de\/wp-content\/uploads\/2012\/06\/trans1.gif\" alt=\"\" width=\"20\" height=\"20\" \/><\/p>\n<p>2009 gek\u00f6rt in Schleswig-Holstein, anerkannt in Weser-Ems<\/p>\n<p>2010 30-Tage-Test Prussendorf (8,08)<\/p>\n<p>2011 Pr\u00e4mienhengst in Hannover<\/p>\n<p>&amp; ECHA Scheckenzuchtverband<\/p>\n<p><img decoding=\"async\" loading=\"lazy\" title=\"trans1\" src=\"http:\/\/www.balanceship.de\/wp-content\/uploads\/2012\/06\/trans1.gif\" alt=\"\" width=\"20\" height=\"20\" \/><\/p>\n<p>Decktaxe: 250,00 EUR<\/p>\n<p><img decoding=\"async\" loading=\"lazy\" title=\"trans1\" src=\"http:\/\/www.balanceship.de\/wp-content\/uploads\/2012\/06\/trans1.gif\" alt=\"\" width=\"20\" height=\"20\" \/><\/p>\n<\/div>\n<div id=\"details-right\">\n<table style=\"width: 100%; border-collapse: collapse;\">\n<tbody>\n<tr>\n<td style=\"text-align: right; padding-right: 15px;\" valign=\"top\"><a title=\"Nadir vom Splitting\" href=\"http:\/\/www.balanceship.de\/wp\/wp-content\/uploads\/2012\/06\/nadir3.jpg\"  class=\"wmp\" id=\"wmp5\"><img decoding=\"async\" loading=\"lazy\" class=\"alignnone size-thumbnail wp-image-341\" title=\"Nadir vom Splitting\" src=\"http:\/\/www.balanceship.de\/wp-content\/uploads\/2012\/06\/nadir3-190x150.jpg\" alt=\"\" width=\"190\" height=\"150\" \/><\/a><\/td>\n<td style=\"text-align: right;\"><a title=\"Nadir vom Splitting\" href=\"http:\/\/www.balanceship.de\/wp\/wp-content\/uploads\/2012\/06\/nadir2.jpg\"  class=\"wmp\" id=\"wmp6\"><img decoding=\"async\" loading=\"lazy\" class=\"alignnone size-full wp-image-292\" title=\"Nadir vom Splitting\" src=\"http:\/\/www.balanceship.de\/wp-content\/uploads\/2012\/06\/nadir1-s.jpg\" alt=\"\" width=\"190\" height=\"150\" \/><\/a><\/td>\n<\/tr>\n<\/tbody>\n<\/table>\n<\/div>\n<div id=\"details-bottom\">\n<table class=\"ped\">\n<tbody>\n<tr>\n<td class=\"ped\" rowspan=\"4\"><strong>NUTS<\/strong><br \/>\nDR &#8211; Schimmel &#8211; 1,38 m<\/td>\n<td class=\"ped\" rowspan=\"2\">NADIR<br \/>\nPart-Bred-Arab. &#8211; Rappe<\/td>\n<td class=\"ped\">NAZIM AA<\/td>\n<\/tr>\n<tr>\n<td class=\"ped\">BIENCHEN (DR)<\/td>\n<\/tr>\n<tr>\n<td class=\"ped\" rowspan=\"2\">St.Pr.St. NIMATRA<br \/>\nWelsh<\/td>\n<td class=\"ped\">NAVAJO II (P-B-Arab.)<\/td>\n<\/tr>\n<tr>\n<td class=\"ped\">BERGFEE (Welsh)<\/td>\n<\/tr>\n<tr>\n<td class=\"ped\" rowspan=\"4\">SINA<br \/>\nDR<\/td>\n<td class=\"ped\" rowspan=\"2\"><strong>FLORIST AA<\/strong><br \/>\nbraun<\/td>\n<td class=\"ped\">FLORESTAN II AA<\/td>\n<\/tr>\n<tr>\n<td class=\"ped\">UDINE IV AA<\/td>\n<\/tr>\n<tr>\n<td class=\"ped\" rowspan=\"2\">SIMONA<br \/>\nDR<\/td>\n<td class=\"ped\"><strong>ELDON<\/strong><\/td>\n<\/tr>\n<tr>\n<td class=\"ped\">SONJA (BR)<\/td>\n<\/tr>\n<\/tbody>\n<\/table>\n<p>Nadir vom Splitting wurde 2009 in Schleswig-Holstein gek\u00f6rt und sp\u00e4ter in Weser-Ems anerkannt. 2010 wurde er mit 8,08 F\u00fcnfter seiner HLP in Prussendorf, bei der er f\u00fcr Lern- u. Leistungsbereitschaft und Umg\u00e4nglichkeit 9,00 erhielt, im Parcoursspringen 8,75 und 8,25 in der Rittigkeit. Bereits erste Siege und Platzierungen in Springpr\u00fcfungen der Klasse A sowie Platzierungen in Dressurpr\u00fcfungen der Klasse A deuten auf eine Karriere als Springpony hin.\u00a0Alle Fohlen vom ihm (aus vier verschiedenen Zuchtverb\u00e4nden) wurden 2011 mit der Fohlenpr\u00e4mie ausgezeichnet.<\/p>\n<p>&nbsp;<\/p>\n<p>\u00dcber den Angloaraber Florist ist Sina leistungsbetont gezogen und mit der Nachzuchtpr\u00e4mie ausgezeichnet worden: mit Llanarth Most Triton brachte sie neben einigen erfolgreichen Sportponys auch den\u00a0gek\u00f6rten Tribun S (erfolgreich bis M-Dressur), ihre Tochter\u00a0St.Pr.St. Summertime v. Brillant war 1f-Stute der Elitestutenschau in Vechta und Merano v. Morbidelli startete in Fahrpr\u00fcfungen bis zur Klasse S. Ihre Tochter Siera v. Llanarth Most Triton ist wiederrum Mutter des gek\u00f6rten Hatfield WE v. Halifax (LGS Dressur: 3.334,00 EUR) sowie des Weser-Ems Pr\u00e4mienhengstes Mister Snowman v. The Breas My Mobility.<\/p>\n<p>&nbsp;<\/p>\n<\/div>\n<\/div>\n","protected":false},"excerpt":{"rendered":"<p>DECKHENGSTE Folgende Reitponyhengste stehen im Natursprung zur Verf\u00fcgung. &nbsp; &nbsp; MAN IN BLACK DR Weser-Ems\u00a0\u2022 *2002\u00a0\u2022\u00a0Rappe\u00a0\u2022 Stckm. 1,48 m Z. u. B.: H.-G. Heidrich, Geeste &nbsp; 2004 gek\u00f6rt in Weser-Ems 2006 30-Tage-Test Prussendorf (8,72) 2012 Pr\u00e4mienhengst in Hannover &nbsp; Decktaxe: &hellip; <a href=\"https:\/\/www.balanceship.de\/?page_id=163\">Weiterlesen <span class=\"meta-nav\">&rarr;<\/span><\/a><\/p>\n","protected":false},"author":1,"featured_media":0,"parent":0,"menu_order":0,"comment_status":"open","ping_status":"open","template":"","meta":{"footnotes":""},"_links":{"self":[{"href":"https:\/\/www.balanceship.de\/index.php?rest_route=\/wp\/v2\/pages\/163"}],"collection":[{"href":"https:\/\/www.balanceship.de\/index.php?rest_route=\/wp\/v2\/pages"}],"about":[{"href":"https:\/\/www.balanceship.de\/index.php?rest_route=\/wp\/v2\/types\/page"}],"author":[{"embeddable":true,"href":"https:\/\/www.balanceship.de\/index.php?rest_route=\/wp\/v2\/users\/1"}],"replies":[{"embeddable":true,"href":"https:\/\/www.balanceship.de\/index.php?rest_route=%2Fwp%2Fv2%2Fcomments&post=163"}],"version-history":[{"count":102,"href":"https:\/\/www.balanceship.de\/index.php?rest_route=\/wp\/v2\/pages\/163\/revisions"}],"predecessor-version":[{"id":518,"href":"https:\/\/www.balanceship.de\/index.php?rest_route=\/wp\/v2\/pages\/163\/revisions\/518"}],"wp:attachment":[{"href":"https:\/\/www.balanceship.de\/index.php?rest_route=%2Fwp%2Fv2%2Fmedia&parent=163"}],"curies":[{"name":"wp","href":"https:\/\/api.w.org\/{rel}","templated":true}]}}