{"id":112,"date":"2012-06-26T12:56:39","date_gmt":"2012-06-26T12:56:39","guid":{"rendered":"http:\/\/www.balanceship.de\/wp\/?page_id=112"},"modified":"2013-09-17T20:09:15","modified_gmt":"2013-09-17T20:09:15","slug":"pferdezucht","status":"publish","type":"page","link":"https:\/\/www.balanceship.de\/?page_id=112","title":{"rendered":"Stuten"},"content":{"rendered":"<h2>ZUCHTSTUTEN<\/h2>\n<p><img decoding=\"async\" loading=\"lazy\" title=\"trans1\" src=\"http:\/\/www.balanceship.de\/wp-content\/uploads\/2012\/06\/trans1.gif\" alt=\"\" width=\"20\" height=\"20\" \/><\/p>\n<div id=\"details-left\">\n<h3>CATALINA<\/h3>\n<p><strong>v. Carte d`Or a.d. Karelia v. Gold Ferdl \u2013 Kursus<\/strong><\/p>\n<p>Hannoveraner, *1995, braun, Stckm. 1,68 m<\/p>\n<p>Eingetragen in Hannover, Oldenburg und Weser-Ems<\/p>\n<p>&nbsp;<\/p>\n<p>Catalina kommt aus dem Hannoveraner Stamm der Naberdina und war vor ihrem Zuchteinsatz erfolgreich im Springsport. Sie erlangte dort Siege und Platzierungen bis zur Klasse M** und z\u00e4hlte in ihrem letzten Sportjahr zu den 2.500 erfolgreichsten Springpferden in Deutschland.<\/p>\n<\/div>\n<div id=\"details-right\">\n<table style=\"width: 97%; border-collapse: collapse;\">\n<tbody>\n<tr>\n<td style=\"text-align: right; padding-right: 15px;\" valign=\"top\"><a title=\"Catalina\" href=\"http:\/\/www.balanceship.de\/wp-content\/uploads\/2012\/06\/catalina2.jpg\"  class=\"wmp\" id=\"wmp1\"><br \/>\n<img decoding=\"async\" loading=\"lazy\" class=\"alignnone size-thumbnail wp-image-127\" title=\"Catalina\" src=\"http:\/\/www.balanceship.de\/wp-content\/uploads\/2012\/06\/catalina2-e1342683579896-190x150.jpg\" alt=\"\" width=\"190\" height=\"150\" \/><\/a><\/td>\n<td style=\"text-align: right;\"><a title=\"Catalina\" href=\"http:\/\/www.balanceship.de\/wp-content\/uploads\/2012\/06\/catalina1.jpg\"  class=\"wmp\" id=\"wmp2\"><br \/>\n<img decoding=\"async\" loading=\"lazy\" class=\"size-thumbnail wp-image-126 alignright\" title=\"Catalina\" src=\"http:\/\/www.balanceship.de\/wp-content\/uploads\/2012\/06\/catalina1-190x150.jpg\" alt=\"\" width=\"190\" height=\"150\" \/><\/a><\/td>\n<\/tr>\n<\/tbody>\n<\/table>\n<\/div>\n<p>Ihre Mutter Karelia ist u. a. auch Mutter zu La Rose v. Landadel (siegreich in Grossen Preisen), Gammon v. Grannus (siegreich bis Klasse S), Cala d&#8216; Or v. Carte d&#8216; Or (siegreich bis Klasse M* und Mutter der Vechtaer Springpreisspitze 2012, Bala d&#8216; Or v. Balou du Rouet) und Nichelson v. Norman (Erfolge bis Klasse S). Aus diesem Stamm kommt auch Damhus Los del Rio v. Latus (U. Kirchhoff), der eine LGS von 65.000 EUR aufweist<\/p>\n<p>&nbsp;<\/p>\n<p><span style=\"text-decoration: underline;\">Bisherige Nachzucht:<\/span><\/p>\n<ul style=\"color: #333333; font-size: 10pt; list-style-type: none;\">\n<li style=\"text-align: left; padding-bottom: 1px;\">2009 \u201cNurejew\u201d Hengstfohlen v.\u00a0Nuts<br \/>\nauf dem Weser-Ems Fohlenchampionat in W\u00fcsting Platz 4, auf dem Dt. Fohlenchampionat in Lienen platzierter\u00a0Endringteilnehmer, mittlerweile placiert in Reit- und Dressurpferdepr\u00fcfungen, siegreich inEignungspr\u00fcfungen\u00a0\u00a0\u00a0\u00a0\u00a0\u00a0\u00a0\u00a0\u00a0\u00a0\u00a0\u00a0\u00a0\u00a0\u00a0\u00a0\u00a0\u00a0\u00a0\u00a0\u00a0\u00a0\u00a0\u00a0\u00a0\u00a0\u00a0\u00a0\u00a0\u00a0\u00a0\u00a0\u00a0\u00a0\u00a0\u00a0\u00a0\u00a0\u00a0\u00a0\u00a0\u00a0\u00a0\u00a0\u00a0\u00a0\u00a0\u00a0\u00a0\u00a0\u00a0\u00a0\u00a0\u00a0\u00a0\u00a0\u00a0\u00a0\u00a0\u00a0\u00a0\u00a0\u00a0\u00a0\u00a0\u00a0\u00a0\u00a0\u00a0\u00a0\u00a0\u00a0\u00a0\u00a0\u00a0\u00a0\u00a0\u00a0\u00a0\u00a0\u00a0\u00a0\u00a0\u00a0\u00a0\u00a0\u00a0\u00a0\u00a0\u00a0\u00a0\u00a0\u00a0\u00a0\u00a0\u00a0\u00a0\u00a0\u00a0\u00a0\u00a0\u00a0\u00a0\u00a0\u00a0\u00a0\u00a0\u00a0\u00a0\u00a0\u00a0\u00a0\u00a0\u00a0\u00a0\u00a0\u00a0\u00a0\u00a0\u00a0\u00a0\u00a0\u00a0\u00a0\u00a0\u00a0\u00a0\u00a0\u00a0\u00a0\u00a0\u00a0\u00a0\u00a0\u00a0\u00a0\u00a0\u00a0\u00a0\u00a0\u00a0\u00a0\u00a0\u00a0\u00a0\u00a0\u00a0\u00a0\u00a0\u00a0\u00a0\u00a0\u00a0\u00a0\u00a0\u00a0\u00a0\u00a0\u00a0\u00a0\u00a0\u00a0\u00a0\u00a0\u00a0\u00a0\u00a0\u00a0\u00a0\u00a0\u00a0\u00a0\u00a0\u00a0\u00a0\u00a0\u00a0\u00a0\u00a0\u00a0\u00a0\u00a0\u00a0\u00a0\u00a0\u00a0\u00a0\u00a0\u00a0\u00a0\u00a0\u00a0\u00a0\u00a0\u00a0\u00a0\u00a0\u00a0\u00a0\u00a0\u00a0\u00a0\u00a0\u00a0\u00a0\u00a0\u00a0\u00a0\u00a0<\/li>\n<li style=\"padding-bottom: 1px;\">2010 Stutfohlen v. Clinton II &#8211;\u00a0verkauft nach Schweden<\/li>\n<li style=\"padding-bottom: 1px;\">2011 Hengstfohlen v. Levisonn &#8211;\u00a0<span style=\"color: #333333; font-size: 10pt;\">\u00fcber die Verdener Elite-Fohlenauktion in die Niederlande\u00a0<\/span><span style=\"color: #333333; font-size: 10pt;\">verkauft<\/span><\/li>\n<li style=\"padding-bottom: 1px;\">2012 Hengstfohlen v. Grey Top &#8211; \u00fcber die Verdener Herbst-Elite-Auktion nach Chile verkauft<\/li>\n<li style=\"padding-bottom: 1px;\">2013\u00a0Hengstfohlen v.\u00a0Carrico v. Catoki &#8211; Capitol II &#8211; Lord<\/li>\n<li style=\"padding-bottom: 1px;\">f\u00fcr 2014 tragend von Carrico<\/li>\n<\/ul>\n<p>&nbsp;<\/p>\n<div id=\"details\">\n<div id=\"details-left\">\n<h3>El.St. MEXIKANA<\/h3>\n<p><strong>v. Contender<br \/>\na. d. St.Pr.St. Handura v. Calato Z \u2013 Cor de la\u00a0<\/strong><strong>Bryere<\/strong><\/p>\n<p>Oldenburger, *1997, braun<\/p>\n<p>Eingetragen im Hauptstutbuch Oldenburg, Schleswig-Holstein<\/p>\n<p><img decoding=\"async\" loading=\"lazy\" title=\"trans1\" src=\"http:\/\/www.balanceship.de\/wp-content\/uploads\/2012\/06\/trans1.gif\" alt=\"\" width=\"20\" height=\"20\" \/><\/p>\n<p>El.St. Mexikana kommt aus dem Holsteiner Stamm 1939 der Kerria,<br \/>\naus dem bereits einige erfolgreiche Springpferde sowie auch<br \/>\nStaatspr\u00e4mienstuten kommen. Ihre SLP legte Mexikana mit einer<br \/>\nGesamtwertnote von 7,90 ab.<\/p>\n<\/div>\n<div id=\"details-right\">\n<table style=\"width: 100%; border-collapse: collapse;\">\n<tbody>\n<tr>\n<td style=\"text-align: right; padding-right: 15px;\" valign=\"top\">\u00a0<\/td>\n<td style=\"text-align: right;\">\u00a0<\/td>\n<\/tr>\n<\/tbody>\n<\/table>\n<\/div>\n<div id=\"details-bottom\">\n<p><span style=\"text-decoration: underline;\">Bisherige Nachzucht bei uns:<\/span><\/p>\n<ul style=\"color: #333333; font-size: 10pt; list-style-type: none;\">\n<li style=\"padding-bottom: 1px;\">2003 Hengstfohlen v. Centesimo &#8211; \u00fcber die Vechtaer Reitpferde-Auktion nach Kanada verkauft<\/li>\n<li style=\"padding-bottom: 1px;\">2006 Stutfohlen v. Landor S &#8211; \u00fcber die Vechtaer\u00a0Reitpferde-Auktion nach Italien verkauft<\/li>\n<li style=\"padding-bottom: 1px;\">2007 \u201cMagic Moment\u201d \u00a0SF v. Armitage &#8211; Verbandspr\u00e4mienstute<\/li>\n<li style=\"padding-bottom: 1px;\">2009 HF v. Quidam &#8211; \u00a0\u00fcber die E.S.I. Fohlenauktion nach\u00a0Bulgarien verkauft<\/li>\n<li style=\"padding-bottom: 1px;\">2010 HF v. Quidam<\/li>\n<li style=\"padding-bottom: 1px;\">2011 HF v. Elliot van ter Hulst<\/li>\n<li style=\"padding-bottom: 1px;\"><\/li>\n<\/ul>\n<\/div>\n<\/div>\n<div id=\"details\">\n<div id=\"details-left\">\n<h3>Verb.Pr.St. MAGIC MOMENT<\/h3>\n<p><strong>v. Armitage a. d. El.St. Mexikana v. Contender \u2013 Calato Z<\/strong><\/p>\n<p>Oldenburger, *2007, Fuchs<\/p>\n<p><img decoding=\"async\" loading=\"lazy\" title=\"trans1\" src=\"http:\/\/www.balanceship.de\/wp-content\/uploads\/2012\/06\/trans1.gif\" alt=\"\" width=\"20\" height=\"20\" \/><\/p>\n<p>Verb.Pr.St. Magic Moment ist eine Tochter unserer El.St. Mexikana und kommt somit ebenfalls aus dem Holsteiner Stamm der Kerria \u2013 1939, aus dem bereits einige erfolgreiche Springpferde und Staatspr\u00e4mienstuten kommen.<\/p>\n<\/div>\n<div id=\"details-right\">\n<table style=\"width: 100%; border-collapse: collapse;\">\n<tbody>\n<tr>\n<td style=\"text-align: right; padding-right: 15px;\" valign=\"top\"><a title=\"Verb.Pr.St. Magic Moment\" href=\"http:\/\/www.balanceship.de\/wp-content\/uploads\/2012\/06\/magicmoment1.jpg\"  class=\"wmp\" id=\"wmp3\"><img decoding=\"async\" loading=\"lazy\" class=\"alignnone size-thumbnail wp-image-419\" title=\"Verb.Pr.St. Magic Moments\" src=\"http:\/\/www.balanceship.de\/wp-content\/uploads\/2012\/06\/magicmoment1-190x150.jpg\" alt=\"\" width=\"190\" height=\"150\" \/><\/a><\/td>\n<td style=\"text-align: right;\"><a title=\"Verb.Pr.St. Magic Moment\" href=\"http:\/\/www.balanceship.de\/wp-content\/uploads\/2012\/06\/magicmoment2.jpg\"  class=\"wmp\" id=\"wmp4\"><img decoding=\"async\" loading=\"lazy\" class=\"alignnone size-thumbnail wp-image-420\" title=\"Verb.Pr.St. Magic Moment\" src=\"http:\/\/www.balanceship.de\/wp-content\/uploads\/2012\/06\/magicmoment2-190x150.jpg\" alt=\"\" width=\"190\" height=\"150\" \/><\/a><\/td>\n<\/tr>\n<\/tbody>\n<\/table>\n<\/div>\n<div id=\"details-bottom\">\n<p>Ihre SLP legte Magic Moment mit einer\u00a0Gesamtwertnote von 8,02 ab und erreichte damit Platz 5 von insgesamt\u00a0199 Stuten. 2011 brachte Magic Moment ein Hengstfohlen von Quidam\u00a0und wird seitdem vorerst weiter unter dem Sattel gef\u00f6rdert.<\/p>\n<p>&nbsp;<\/p>\n<p><span style=\"text-decoration: underline;\">Bisherige Nachzucht:<\/span><\/p>\n<ul style=\"color: #333333; font-size: 10pt; list-style-type: none;\">\n<li style=\"padding-bottom: 1px;\">2011 HF v. Quidam<\/li>\n<\/ul>\n<\/div>\n<\/div>\n<div id=\"details\">\n<div id=\"details-left\">\n<h3>Verb.Pr.St. NORMA JEAN<\/h3>\n<p><strong>v. Nuts a. d. St.Pr.St. Colette v. Chantre B \u2013 Nobel<br \/>\n(Stamm der\u00a0<\/strong><strong>Nibelungenlied)<\/strong><\/p>\n<p>DR Weser-Ems, *2008, Schimmel<\/p>\n<p><img decoding=\"async\" loading=\"lazy\" title=\"trans1\" src=\"http:\/\/www.balanceship.de\/wp-content\/uploads\/2012\/06\/trans1.gif\" alt=\"\" width=\"20\" height=\"20\" \/><\/p>\n<p>Mit Verb.Pr.St. Norma Jean vereinen sich Leistungsvererber der Extraklasse. Sie ist eine Tochter unseres Hengstes\u00a0<a title=\"Hengste\" href=\"?page_id=163\">Nuts<\/a>, der\u00a0Vater von zwei gek\u00f6rten S\u00f6hnen, staatspr\u00e4mierten T\u00f6chtern, erfolgreichen Bundeschampionats-Teilnehmern und international erfolgreichen Sportponys ist.<\/p>\n<\/div>\n<div id=\"details-right\">\n<table style=\"width: 100%; border-collapse: collapse;\">\n<tbody>\n<tr>\n<td style=\"text-align: right; padding-right: 15px;\" valign=\"top\"><a title=\"Verb.Pr.St. Norma Jean\" href=\"http:\/\/www.balanceship.de\/wp-content\/uploads\/2012\/06\/normajean1.jpg\"  class=\"wmp\" id=\"wmp5\"><img decoding=\"async\" loading=\"lazy\" class=\"alignnone size-thumbnail wp-image-423\" title=\"Verb.Pr.St. Norma Jean\" src=\"http:\/\/www.balanceship.de\/wp-content\/uploads\/2012\/06\/normajean1-e1342683796827-190x150.jpg\" alt=\"\" width=\"190\" height=\"150\" \/><\/a><\/td>\n<td style=\"text-align: right;\"><a title=\"Verb.Pr.St. Norma Jean\" href=\"http:\/\/www.balanceship.de\/wp-content\/uploads\/2012\/06\/normajean2.jpg\"  class=\"wmp\" id=\"wmp6\"><img decoding=\"async\" loading=\"lazy\" class=\"alignnone size-thumbnail wp-image-424\" title=\"Verb.Pr.St. Norma Jean\" src=\"http:\/\/www.balanceship.de\/wp-content\/uploads\/2012\/06\/normajean2-190x150.jpg\" alt=\"\" width=\"190\" height=\"150\" \/><\/a><\/td>\n<\/tr>\n<\/tbody>\n<\/table>\n<\/div>\n<div id=\"details-bottom\">\n<p>\u00dcber ihre Mutter St.Pr.St. Colette und deren Mutter St.Pr.St. Nibelungengl\u00fcck geh\u00f6rt zum Norma Jean zum Stamm der St.Pr.St. Nibelungenlied, die eine DER Stempelstuten der deutschen Ponyzucht ist. Nibelungenlied war Siegerstute ihrer Eliteschau 1983 und mehrfache Verbands- und Bundessiegerstute (Familien- und Einzelwettbewerb). Sie hat 6 T\u00f6chter von Nobel, die allesamt mit der Staatspr\u00e4mie ausgezeichnet wurden und selbst M\u00fctter etlicher Siegerstuten, gek\u00f6rter Hengste und hocherfolgreicher Sportponies sind. Nibelungenlied ist ebenfalls Mutter der Vollbr\u00fcder Nibelungenheld I-V, alle von Nobel abstammend. Nibelungenheld I ist mit einer N-LGS von \u00fcber 40,000 EUR Vater vieler erfolgreicher Sportponys, u. a. auch zu Nelly Kim (unter Ulrike Bruns\u00a0eines der erfolgreichsten Springponys)\u00a0und der Bundeschampions Nobelprinz H und Naomi. Nibelungenheld III war selbst Bundeschampion der Springponys.<\/p>\n<p>Norma Jean legte ihre SLP mit 8,0 ab und wird im Moment weiter unter dem Sattel gef\u00f6rdert.<\/p>\n<\/div>\n<\/div>\n","protected":false},"excerpt":{"rendered":"<p>ZUCHTSTUTEN CATALINA v. Carte d`Or a.d. Karelia v. Gold Ferdl \u2013 Kursus Hannoveraner, *1995, braun, Stckm. 1,68 m Eingetragen in Hannover, Oldenburg und Weser-Ems &nbsp; Catalina kommt aus dem Hannoveraner Stamm der Naberdina und war vor ihrem Zuchteinsatz erfolgreich im &hellip; <a href=\"https:\/\/www.balanceship.de\/?page_id=112\">Weiterlesen <span class=\"meta-nav\">&rarr;<\/span><\/a><\/p>\n","protected":false},"author":1,"featured_media":0,"parent":0,"menu_order":0,"comment_status":"open","ping_status":"open","template":"","meta":{"footnotes":""},"_links":{"self":[{"href":"https:\/\/www.balanceship.de\/index.php?rest_route=\/wp\/v2\/pages\/112"}],"collection":[{"href":"https:\/\/www.balanceship.de\/index.php?rest_route=\/wp\/v2\/pages"}],"about":[{"href":"https:\/\/www.balanceship.de\/index.php?rest_route=\/wp\/v2\/types\/page"}],"author":[{"embeddable":true,"href":"https:\/\/www.balanceship.de\/index.php?rest_route=\/wp\/v2\/users\/1"}],"replies":[{"embeddable":true,"href":"https:\/\/www.balanceship.de\/index.php?rest_route=%2Fwp%2Fv2%2Fcomments&post=112"}],"version-history":[{"count":90,"href":"https:\/\/www.balanceship.de\/index.php?rest_route=\/wp\/v2\/pages\/112\/revisions"}],"predecessor-version":[{"id":120,"href":"https:\/\/www.balanceship.de\/index.php?rest_route=\/wp\/v2\/pages\/112\/revisions\/120"}],"wp:attachment":[{"href":"https:\/\/www.balanceship.de\/index.php?rest_route=%2Fwp%2Fv2%2Fmedia&parent=112"}],"curies":[{"name":"wp","href":"https:\/\/api.w.org\/{rel}","templated":true}]}}